is -9 + (9 - (2 + -1 + 6)) + -5 - -2?
-10
What is -98 + (-98 - -166) + -31?
-61
(-39 - (-25 - 11) - (2 + 86 + 3)) + -7
-101
(0 - -97) + (-6391 - -6304)
10
Calculate -1 - -12 - 46 - (14 - (-2 - -29)).
-22
Evaluate 19 - (46 + 17 + -20) - 17.
-41
What is (80 - 4) + 24 + -6 + 9?
103
What is the value of (63 + -27 - (28 + 9)) + 21?
20
Evaluate (35 - -2 - 0) + 4510 + -4543.
4
Calculate 0 - -19 - (57 + -63 + -16).
41
Calculate -12 - 1 - (20 - (-17 + (70 - 50))).
-30
What is 23 - -1 - (416 + -354) - -18?
-20
(0 - -1) + 1 + -3 + 1 + (-34 - 9)
-43
What is -18 + (-6 + (8 - 4 - 11) - -22) + -48?
-57
What is the value of -11 + -38 + (3 - 7 - (0 + 5))?
-58
Evaluate -98 + 72 - ((-7 - -20) + (5 - 10) - 23).
-11
(-21 - (27 + -19) - 28) + 4
-53
Calculate 0 + -6 - (18 - (-14 - -9) - -15).
-44
Calculate (2 - -55) + (1 - 12 - (-231 + 205)).
72
Evaluate 103 + 10 + -68 + -31.
14
Calculate 3 - 0 - (24 + -6 + -8 + -14 - 58).
65
What is 9 - (13 - -17 - 4) - (-16 - -5)?
-6
Evaluate -71 - -125 - 13 - 47.
-6
Evaluate (300 - 342) + (-63 - (16 - 31)).
-90
6 + (-94 - -62) - (-122 + 2)
94
0 + -68 + (-8 - -19) + -3 + -5
-65
(5 + 10 + (-13 - -1) - 63 - -6) + -12
-66
What is 39 - 11 - (20 + 8) - 28?
-28
Evaluate -70 + 45 - (-15 - 69).
59
Evaluate 734 - 781 - (-82 + 0).
35
Evaluate (16 - -10) + (-16 - -6) + 4 + 15.
35
Evaluate 3 + (-9 - 5) - (25 + (-3 - -15 - 26)).
-22
What is the value of 6 - 1 - -3 - (-96 + 72) - 2?
30
What is -6 + 60 + -99 + 108?
63
What is the value of -29 - -15 - (1 - 16) - 4?
-3
Evaluate (-227 + 203 - (-5 - 0)) + 6.
-13
Calculate -84 + (77 - (-44 - 36)).
73
-23 - (-16 + 5) - (-125 + -9)
122
What is (30 - -14) + (-45 - -19)?
18
What is the value of -13 + -1 + (1 + -26 - -29) - -15?
5
Calculate (438 - 460) + (-26 - (-5 - -2)).
-45
(-5 - 0) + -42 + -7 + 12 + (11 - 1)
-32
What is 33 + -121 - (58 + -56)?
-90
Evaluate 23 - (-27 - -166) - (-7 + 19).
-128
Calculate (-407 - -264) + 0 + 72.
-71
What is the value of 148 + -207 - ((-16 - -8) + 16 - 0)?
-67
What is the value of 2 + 12 - (-49 + (2 - -17))?
44
Calculate -21 + -43 + 41 + 27 + 3.
7
(3 + -11 - -23) + (28 - -9)
52
What is 42 - (-9 + 10) - 63?
-22
What is (-16 - (15 + -45 + 12)) + -26 + 63?
39
Evaluate (18 - 1) + -1 + -2 - (90 - (-42 + 75)).
-43
What is the value of 10 + -96 + -5 + 29?
-62
What is (4 - -18) + -5 + (8 - -3) + -10?
18
What is the value of 58 - (5 + 66 + -43)?
30
Evaluate -7 - 6 - (35 + 17 + -41).
-24
Calculate -72 - (-9 + (-119 - 22)).
78
Calculate 18 - 10 - (8 + -84) - (26 - (43 - 2)).
99
What is the value of (-19 - (26 + -54)) + -4 + 5?
10
(3 + 1 - -1) + (1 - (23 + -27)) + 9
19
Calculate 80 - 0 - (7 + -12 + 32 - 12 - 6).
71
Calculate (85 + 0 - (5793 + -5724)) + (-1 - 29).
-14
What is -2 + -68 + (-2 - (2 - 14) - 4)?
-64
What is the value of 88 + -32 + -35 + (-3 - (3 - 3))?
18
Evaluate (-198 - -263) + (-142 - -20).
-57
Calculate -2 - (-11 - (-40 - -14)) - -55.
38
(-44 - -24) + 61 + -8 + -12
21
What is (5 - -38) + 251 + -319?
-25
What is 2 - -1 - ((-2 - -16 - 25) + 19)?
-5
Evaluate (42 + -84 - -47) + 35.
40
Evaluate (98 - (-15 - -74)) + (-3 - (-3 + (-3 - -5))).
37
Calculate (-55 - 0) + (-6123 - -6056).
-122
What is the value of (-2 - (-5 - -3 - 4 - (142 + -152))) + 48?
42
Calculate (-44 + -11 - (-35 - -2)) + 19.
-3
Evaluate 58 + (-31 + -38 - -87).
76
What is (46 - (22 + -1 - (-80 + 96))) + 13?
54
What is the value of -35 - (-2 + -5 - (-10 + -3 - 4))?
-45
What is 9 - -73 - (92 - 39)?
29
What is the value of ((-4 - -9) + 5 - -1) + 3 + (-43 - 7)?
-36
Calculate 6 + -26 + (-59 + 29 - -44).
-6
What is the value of 26 - 0 - (187 - (14 + 180))?
33
What is the value of 1152 + -1001 - (50 + 1) - (1 + -7 - 3)?
109
Evaluate -224 + 105 + (11 - -3).
-105
Evaluate -170 + 117 + 53 - -106.
106
21 - 1 - (21 - (43 - (20 - 12)))
34
Calculate 6 + (-26 - -21) + -30 + 32.
3
Calculate (-7 - (9 - (30 - 11))) + -32.
-29
Evaluate -10 - (-32 + -21 + 42).
1
Calculate -15 - (-94 - (-26 - (-12 + 0))).
65
What is the value of -10 - ((33 + -3 - 16) + -83 - 0)?
59
What is the value of -46 + 72 + -1 - 64?
-39
What is 80 - (2 - -50) - 33?
-5
38 - (-4 - 0 - ((16 - -1 - 4) + -9))
46
Evaluate 4 + (-11 - -4) + -29 + (-68 - (-60 + 22)).
-62
3 + 1 + (365 + -189 - 187)
-7
(9 + 0 - (19 + -21 - -20 - -7)) + -1
-17
Calculate 22 - ((94 - 5) + 11 + -33).
-45
Calculate (4 - -2) + (-12 - (46 + -6 - -15)).
-61
Evaluate (19 - 28 - 19) + 16 + 69.
57
What is the value of 48 - (36 + -24 + 1 - 4)?
39
What is 42 + (23 - (-8 - (-17 + 1)))?
57
What is -1 + 54 + -11 + (-48 - (-55 + 10))?
39
-43 + 38 + -31 + 68
32
What is the value of 0 + -70 + (-81 - -225)?
74
What is the value of (-88 + 57 - -22) + 10?
1
What is the value of 1 - -10 - (-167 + 207 + 20)?
-49
What is the value of -14 - (-18 + 12 + 38 + -52)?
6
(14 - 4) + (-83 - (-40 + 45)) + 0
-78
-46 - -5 - -9 - (-78 + 69)
-23
What is the value of -10 + (6 + 18 + -45 - -37 - (13 - 1))?
-6
What is -26 + 16 - (-115 + 1 + -29)?
133
(56 - 48) + (48 - 2) + -7 - (1 - 1)
47
Evaluate 32 + (-80 - -50) + (-4 - 21).
-23
Evaluate 32 - ((1 + -4 - -2) + (-2 + -8 - -1)).
42
-46 + 5 + (23 - (10 - 1))
-27
11 + (16 - (11 + 6) - (-10 + 6))
14
-168 + 104 + (5 - -136)
77
Calculate -2 - -176 - (3625 + -3576).
125
What is 10 - (-755 - -761 - (16 - 1))?
19
What is (4 - 113) + (-71 - -94) + (2 - 14) + -6?
-104
Evaluate 8 - (8 + -5) - (-39 - -74).
-30
What is (7 + 46 - 54) + -19?
-20
What is 45 + ((-17 - 2) + 24 - (4 + 4))?
42
What is (-20 + -75 - -116) + (12 - -1)?
34
Evaluate (3 - -5) + -10 - (-3 + (-2 - -8) + 12).
-17
What is the value of (29 - 2 - (90 + -16)) + 1?
-46
Evaluate (2 - (-38 + 0)) + 22 + -20.
42
What is -2367 + 2450 + (-9 - 1)?
73
Evaluate 28 + 43 + -24 + 23 + 7.
77
What is -4 + (228 + -169 - (0 - -3)) - -21?
73
Evaluate -15 - -22 - (-3 + (2 - 3) - (15 - 77)).
-51
(256 + -112 - 173) + -68
-97
Calculate -4 + 1 + (-3 - (-15 - 3)) - 15.
-3
What is (62 - 143 - -94) + (-2 - 63)?
-52
What is -142 + (-72 - (-180 + 12))?
-46
What is the value of (-6 - 25) + 11 + 0 + -10?
-30
Calculate 0 + -15 + -939 + 973.
19
What is -9 - (14 - 7 - 5) - (43 + -7)?
-47
Calculate (-13 - (-20 - 9) - -30) + -7.
39
Calculate (416 - 438) + (-5 - (4 - 7 - -4)).
-28
What is the value of -55 + 39 + (7 - (33 + -10)) + (-5 - 2)?
-39
-11 + 1 + (25 - 45) + -3
-33
What is -6 + (5 + 7 - (13 + -6) - (-39 - -4))?
34
What is 106 + (111 - 53 - 273)?
-109
What is the value of (16 + (-22 - -10) - -4) + 17?
25
75 + -10 + -4 - (8 + (1 - -4 - 4))
52
What is the value of -40 - ((6 - 3) + (-3 - (-16 + 13 + -2)))?
-45
-59 + -39 + -6 + -13
-117
Calculate 59 - ((1 - 0 - 5) + (-38 - -4 - -46)).
51
Calculate (-4 - 7) + (46 - -5) + -25.
15
Calculate (19 - -32) + -32 - 67.
-48
Calculate 13 + 11 + -11 + -21 + -24.
-32
Calculate 1 - 16 - (607 + -629).
7
-61 + (22 - 37) + 113
37
Evaluate -16 - -5 - (-3 + 2 - (15 + -5)).
0
-8 - (-7 - -3) - ((102 - (-7 - 9)) + -14)
-108
Calculate -23 + (-64 + 27 - -44).
-16
What is (6 - (18 - 25) - (2 - -10) - 67) + -5?
-71
(-56 - -3) + (5 - (6 - (-17 - -17)))
-54
(107 - (-7 - -39)) + -46
29
5 + -38 + 13 + -4 + 97
73
-79 - 4 - -46 - (-11 + (-5 - 2))
-19
Evaluate -46 + (63 - 34 - 33).
-50
Calculate -4 - 2 - 21 - (1130 - 1034).
-123
Calculate 39 + 2 + -1 - 0 - -45.
85
-50 + 5 + 1 + 37 + -31
-38
What is the value of -4337 - -4314 - (-70 + 0)?
47
What is the value of (-3 + 3 - (-28 - -14 - 1)) + -23?
-8
What is the value of -3 + -7 - (-65 + 58 - (2 - 1 - -61))?
59
What is 0 + -111 + -18246 + 18295?
-62
What is (79 - 29) + -73 - (-22 - -2)?
-3
Calculate 21 - 7 - 13 - (-19 - 6).
26
What is the value of -13 + (10 - (7 + 3 - -3))?
-16
Evaluate (15 - (2 - 11)) + 5.
29
Calculate 11 - (19 - 18) - -3 - (49 + 0).
-36
Evaluate (43 + (-1 - -2) - (-361 - -371)) + (-1 - -9).
42
1 + -16 + 597 + -580 + 38
40
Calculate -102 + (26 - -70) + (128 - (-2 + -1 + 1)).
124
(-6 - -11) + (-32 - -25) + 11 + 0 - -45
54
What is -631 + 610 - (4 - 3)?
-22
7 + ((-32 - 3) + 18 - -27)
17
What is the value of -2 + -9 + (9 - (-2 - -1)) + -15 + 20?
4
80 + -67 + 7 + 29
49
Calculate 36 + -22 - 9 - (3 - -25).
-23
(-37 - 1) + (-22 - -66) + -78
-72
-71 + 31 + 39 + 2 + (-1 - (-1 + 28))
-27
Evaluate (-24 - (-17 + (-7 - (-3 - -14)))) + -147.
-136
Calculate 64 - 76 - (28 + 14).
-54
Calculate 3 + -20 - (195 + -166).
-46
What is -55 + 3 + (63 - 18) + -11?
-18
What is 116 - (0 + -9 + (-73 -